609?
True
Is 2 a factor of 89122?
True
Is 19 a factor of 245594?
True
Does 17 divide 263041?
True
Is 107696 a multiple of 236?
False
Does 51 divide 30828?
False
Is 445474 a multiple of 19?
True
Is 34 a factor of 3003303?
False
Is 6 a factor of 34981?
False
Does 20 divide 1460120?
True
Is 8 a factor of 245331?
False
Does 18 divide 325208?
False
Does 246 divide 481422?
True
Does 14 divide 2430469?
False
Is 20 a factor of 1275040?
True
Is 97 a factor of 8556273?
True
Is 478350 a multiple of 225?
True
Is 395 a factor of 283610?
True
Does 466 divide 317861?
False
Does 79 divide 1750656?
False
Is 10 a factor of 426923?
False
Is 1280 a factor of 24186781?
False
Is 398516 a multiple of 67?
True
Is 92 a factor of 32476?
True
Is 1188562 a multiple of 8?
False
Is 1018 a factor of 127250?
True
Is 7 a factor of 8877572?
False
Is 15434920 a multiple of 22?
False
Does 3 divide 28578?
True
Is 7875420 a multiple of 510?
True
Is 607 a factor of 619166?
False
Is 4529200 a multiple of 335?
True
Is 84 a factor of 9801036?
True
Does 30 divide 258596?
False
Does 105 divide 728385?
True
Is 412 a factor of 1468368?
True
Is 9 a factor of 38628?
True
Is 329544 a multiple of 552?
True
Is 225891 a multiple of 3?
True
Is 1924383 a multiple of 40?
False
Is 3188651 a multiple of 552?
False
Is 2320823 a multiple of 136?
False
Does 30 divide 5632628?
False
Does 40 divide 20206560?
True
Does 9 divide 1058922?
True
Is 1056 a factor of 5972342?
False
Is 83793 a multiple of 29?
False
Is 67 a factor of 50250?
True
Is 40 a factor of 6800160?
True
Is 192783 a multiple of 229?
False
Is 9 a factor of 170694?
True
Is 458 a factor of 8042938?
True
Is 302 a factor of 4257389?
False
Is 17 a factor of 6105519?
False
Does 340 divide 131590?
False
Does 85 divide 1339515?
True
Is 28 a factor of 983472?
True
Does 12 divide 1025820?
True
Is 4189 a multiple of 59?
True
Does 12 divide 91824?
True
Does 288 divide 429984?
True
Is 2449660 a multiple of 11?
False
Is 2054623 a multiple of 90?
False
Is 19732482 a multiple of 66?
True
Is 220227 a multiple of 21?
True
Is 3763425 a multiple of 15?
True
Is 27601 a multiple of 19?
False
Is 10 a factor of 59030?
True
Does 35 divide 1142482?
False
Is 162810 a multiple of 18?
True
Does 112 divide 162400?
True
Is 1344420 a multiple of 35?
True
Does 117 divide 7141492?
False
Does 62 divide 2039289?
False
Is 127467 a multiple of 4?
False
Is 141 a factor of 120385?
False
Is 126036 a multiple of 12?
True
Is 18955 even?
False
Does 118 divide 8383782?
True
Does 78 divide 27378?
True
Is 4 a factor of 1225828?
True
Is 95896 a multiple of 31?
False
Is 16293174 a multiple of 34?
True
Does 7 divide 438312?
True
Is 180 a factor of 97863?
False
Is 320895 a multiple of 219?
False
Is 192 a factor of 183319?
False
Does 4 divide 384255?
False
Is 60802 a multiple of 101?
True
Does 13 divide 366905?
False
Is 1655040 a multiple of 5?
True
Is 643 a factor of 335003?
True
Is 12 a factor of 26214348?
True
Is 133373 a multiple of 87?
False
Is 434 a factor of 326884?
False
Is 1078848 a multiple of 576?
True
Does 25 divide 1052300?
True
Is 18 a factor of 1127214?
True
Is 176312 a multiple of 8?
True
Does 177 divide 284793?
True
Is 11 a factor of 4164304?
False
Is 199284 a multiple of 12?
True
Is 50 a factor of 87400?
True
Is 1709730 a multiple of 15?
True
Is 11 a factor of 560284?
False
Is 794 a factor of 1847906?
False
Is 12 a factor of 12250680?
True
Is 707 a factor of 4812579?
False
Is 102 a factor of 3447767?
False
Is 1102835 a multiple of 34?
False
Does 7 divide 211895?
False
Is 506 a factor of 4410865?
False
Is 12608 a multiple of 64?
True
Is 8 a factor of 175432?
True
Is 327 a factor of 240672?
True
Does 9 divide 5697945?
True
Does 189 divide 587223?
True
Is 1638312 a multiple of 12?
True
Is 11 a factor of 1376892?
True
Is 6 a factor of 1154958?
True
Is 23994354 a multiple of 15?
False
Is 421 a factor of 185661?
True
Is 45 a factor of 130908?
False
Is 448 a factor of 13309254?
False
Is 257509 a multiple of 8?
False
Does 855 divide 1217520?
True
Is 23 a factor of 9594753?
False
Is 20784 a multiple of 3?
True
Is 508161 a multiple of 113?
True
Is 4451694 a multiple of 36?
False
Does 413 divide 1125012?
True
Is 30980 a multiple of 4?
True
Does 249 divide 35714?
False
Does 192 divide 162432?
True
Is 73 a factor of 5320167?
True
Does 392 divide 2656472?
False
Is 224 a factor of 128128?
True
Does 99 divide 141314?
False
Does 10 divide 10884?
False
Is 285 a factor of 8745?
False
Does 13 divide 11021697?
False
Is 333 a factor of 860913?
False
Is 114 a factor of 514026?
True
Is 27550 a multiple of 32?
False
Is 95 a factor of 3610132?
False
Is 398266 a multiple of 43?
True
Does 176 divide 5646?
False
Is 136 a factor of 1060231?
False
Is 785 a factor of 17373261?
False
Is 311 a factor of 289084?
False
Is 256928 a multiple of 7?
True
Is 15 a factor of 14853464?
False
Is 1581792 a multiple of 376?
False
Is 235559 a multiple of 23?
False
Is 263 a factor of 3531515?
False
Is 157337 a multiple of 18?
False
Does 54 divide 1891651?
False
Is 2188056 a multiple of 6?
True
Is 54 a factor of 29733966?
True
Is 11 a factor of 213224?
True
Is 708 a factor of 914581?
False
Is 128 a factor of 179736?
False
Is 5 a factor of 65430?
True
Does 2 divide 805549?
False
Does 47 divide 157395?
False
Is 15262 a multiple of 13?
True
Is 35086 a multiple of 3?
False
Is 4984429 a multiple of 49?
False
Is 145533 a multiple of 110?
False
Does 12 divide 1208772?
True
Is 13 a factor of 4011071?
False
Is 502235 a multiple of 27?
False
Is 148319 a multiple of 5?
False
Does 54 divide 80298?
True
Is 2245362 a multiple of 386?
True
Does 979 divide 9809694?
False
Does 460 divide 349140?
True
Is 25379 a multiple of 186?
False
Is 80368 a multiple of 14?
False
Is 379 a factor of 344890?
True
Is 333 a factor of 2597400?
True
Is 2395456 a multiple of 64?
True
Is 1918219 even?
False
Does 62 divide 477846?
False
Is 234927 a multiple of 13?
False
Is 815868 a multiple of 42?
False
Does 44 divide 124300?
True
Is 72163 a multiple of 155?
False
Does 160 divide 885280?
True
Is 54372 a multiple of 4?
True
Is 81 a factor of 692388?
True
Does 104 divide 281365?
False
Is 2 a factor of 166254?
True
Is 4416187 a multiple of 15?
False
Is 8 a factor of 4600968?
True
Is 2105433 a multiple of 561?
True
Is 8279696 a multiple of 161?
False
Does 509 divide 100539?
False
Does 451 divide 210617?
True
Is 13870230 a multiple of 605?
True
Is 5282401 a multiple of 155?
False
Does 547 divide 886635?
False
Is 16898655 a multiple of 883?
False
Is 62149 a multiple of 33?
False
Does 4 divide 178524?
True
Is 117 a factor of 606992?
False
Is 5 a factor of 53265?
True
Does 19 divide 11653790?
False
Is 1233073 a multiple of 619?
False
Is 437 a factor of 261763?
True
Is 57960 a multiple of 46?
True
Does 7 divide 651952?
True
Does 45 divide 266085?
True
Does 86 divide 2674652?
False
Is 148693 a multiple of 93?
False
Is 983 a factor of 154331?
True
Is 43704 a multiple of 36?
True
Is 154506 a multiple of 66?
True
Does 82 divide 11398?
True
Is 3 a factor of 926367?
True
Does 108 divide 52272?
True
Is 628 a factor of 637981?
False
Does 564 divide 848256?
True
Is 8 a factor of 2220192?
True
Is 179 a factor of 81445?
True
Is 890 a factor of 4845160?
True
Is 276370 a multiple of 290?
True
Does 4 divide 2830232?
True
Is 47 a factor of 37506?
True
Does 388 divide 1562840?
False
Is 2102055 a multiple of 645?
True
Is 117989 a multiple of 238?
False
Does 61 divide 5160917?
False
Is 299 a factor of 149408?
False
Does 2 divide 163929?
False
Is 90994 a multiple of 259?
False
Is 5933 even?
False
Is 304584 a multiple of 21?
True
Is 10624184 a multiple of 792?
False
Does 3 divide 35637?
True
Does 7 divide 1379879?
False
Is 358665 a multiple of 15?
True
Is 56 a factor of 344458?
False
Does 24 divide 1968072?
True
Is 207833 a multiple of 32?
False
Is 90 a factor of 21690?
True
Does 10 divide 1537125?
False
Is 40 a factor of 1012701?
False
Is 687045 a multiple of 443?
False
Does 4 divide 452661?
False
Is 11969 a multiple of 25?
False
Does 10 divide 182370?
True
Is 98 a factor of 832510?
True
Does 4 divide 17943?
False
Is 11203035 a multiple of 273?
False
Is 19 a factor of 2927596?
True
Is 1028137 a multiple of 121?
True
Does 58 divide 845292?
True
Is 450100 a multiple of 20?
True
Is 106416